+ 8*s(i). Determine o(-2).
-11
Let t = -55 + 53. Let x be (1/(t/(-12)))/(-2). Let n(o) = 0 - 3*o - 7 + 3*o - o. Give n(x).
-4
Let u(i) = -i**3 - 7*i**2 - i - 1. Suppose 0 = 4*b + 3*w - 5, -2*w - 6 = -6*b + 4*b. Suppose -20 = b*a - 2*q, 3*a - 2*q = 3*q - 36. Give u(a).
6
Let u(o) = 2*o**2 - 88*o + 2. Let y be u(44). Let l(f) = -f**2 + 2*f + 3. Determine l(y).
3
Suppose -3*b - 22 = -5*t, -2*t - 7 = 2*b - 19. Let j(v) = 10*v - 7. Let u(p) = -17*p + 13. Let i(l) = 5*j(l) + 3*u(l). Give i(t).
-1
Let a(u) = 3*u. Let i be 26/(-12) + (-5)/(-30). Let n be (i/10)/((-1)/(-5)). Determine a(n).
-3
Let g(y) = -5*y + 2. Let b = -125 + 120. What is g(b)?
27
Let u = -7 + 4. Let m(v) be the second derivative of -v**5/20 - v**4/4 - v**3/2 + 566*v. Give m(u).
9
Let p(u) = -6*u**3 - 11*u**2 - u - 3. Let d be p(-2). Let n(t) be the first derivative of -4*t - 3*t**2 - 7 + 1/3*t**d. Determine n(5).
-9
Suppose 5*u - 18 = 5*s + 7, 0 = -5*u. Suppose -z = -5*z + 8. Let q(f) = 4*f - f**3 - 4*f**2 - 2*f**2 + z*f + 5 - 8*f. Determine q(s).
-10
Let w be (-5)/(-7) - 3*2/(-21). Let h(f) = -w - 2 - 2*f**2 - 3*f**2 + 4*f + 4*f**2. Determine h(3).
0
Let j(c) be the third derivative of -c**7/5040 + 13*c**6/720 + 11*c**5/60 - 3*c**2. Let u(v) be the third derivative of j(v). Give u(9).
4
Let i = 305 + -308. Let c(u) = -u - 6. Determine c(i).
-3
Let m(n) be the third derivative of n**4/24 + n**3/6 - 7*n**2. Determine m(9).
10
Let q be ((-8)/10)/((-65)/(-25) - 3). Suppose -5*a - q*c - 31 = 0, 2*c + 3*c = 3*a. Let l(x) = x**3 + 6*x**2 + 7*x + 6. Give l(a).
-4
Let b(z) = -2*z**2 - 15*z - 4. Let m be b(-7). Let n(t) be the second derivative of t**3/3 + 4*t. Give n(m).
6
Let i(y) be the second derivative of y**4/12 - y**3/2 + y**2 + 93*y. Calculate i(4).
6
Let k(v) = 6*v**2 - 8*v - 6. Let l(h) = h**2 - 3*h - 1. Let u(i) = -k(i) + 4*l(i). What is u(4)?
-46
Let t(a) = 2*a**2 - 44*a + 5. Suppose 12*n = 173 + 91. What is t(n)?
5
Let f(q) = -q**2 - 2*q + 2. Let n be 4/(-16)*4*-3*1. What is f(n)?
-13
Let p(u) = -u**3 - 3*u**2 - 1. Let t(f) = -f + 21. Let i be t(9). Let y be 68/i - 4/(-12). Suppose 0 = l - 3*l - y. Calculate p(l).
-1
Let b(q) = -2*q**2 + 2*q - 14*q**3 + 29*q**3 - 5*q**3 + 0*q. What is b(1)?
10
Let j(a) be the first derivative of -a**7/840 + a**6/60 - a**5/60 + a**4/12 + 8*a**3/3 + 26. Let d(s) be the third derivative of j(s). Determine d(5).
17
Let h(q) = q**3 + 6*q**2 + 3*q + 3. Suppose 0*u + 4*p = 2*u + 50, 4*u + 78 = -3*p. Let i be 3/((-18)/u)*-2. Let f = -12 - i. Calculate h(f).
13
Let m(y) = -84 + 110 - 23 + 12*y. What is m(3)?
39
Let d(o) = -7*o**2 + 5*o - 3. Let b(c) = 10*c**2 - 7*c + 5. Let h(n) = 6*n - 1. Let l be h(-1). Let r(x) = l*d(x) - 5*b(x). Give r(0).
-4
Suppose 2*i - 40 = 2*v, 4*v - 6*i + 76 = -4*i. Let q = -18 - v. Let u(s) be the third derivative of -s**6/120 + s**5/60 - s**4/24 + s**3 - s**2. Give u(q).
6
Let k(m) be the second derivative of m**4/12 - 2*m**3/3 - 5*m**2 - 183*m. Let y = 41 - 34. Give k(y).
11
Let q = 10 - 10. Let j be 1/5 - (-42)/15. Let n(r) = q - 3*r + 0 + j + 2. What is n(4)?
-7
Suppose 1 = y + 4. Let t(g) = g**3 + 4*g**2 - g**2 - 1 - g + 0*g**2. Calculate t(y).
2
Let f(d) be the first derivative of d**3/3 + 19*d**2/2 - 2*d - 14. Let q be f(-19). Let m(b) = -b**3 + 4*b + 3. Calculate m(q).
3
Let h(a) = -a**2 + 3. Let r = 2 + 0. Let z be ((9/r)/3)/((-9)/24). Calculate h(z).
-13
Let b(p) = 6*p - 6. Let f(i) = -i + 1. Let g(r) = 3*b(r) + 16*f(r). Suppose -2*l - 576*x + 577*x = 0, 2*x - 2 = 5*l. Calculate g(l).
-6
Let l = 3577 - 3575. Let p(h) = 2 - 2*h - h - 2*h. What is p(l)?
-8
Let y = -8 - -10. Suppose 2*q - 3*w - 4 = -5*w, q = 4*w + y. Suppose -12 = -0*m + q*m. Let h(b) = -b**3 - 7*b**2 - 7*b - 1. What is h(m)?
5
Let o(w) = -6*w**2 + 0*w - 9*w - 4*w + w**3 - 4*w**2 + 12. What is o(11)?
-10
Let f(m) = 2*m - 4. Suppose 13 = 7*l - 8. Determine f(l).
2
Let i(h) = -h**3 - 7*h**2 - 7*h - 7. Suppose 0 = 21*u + 28 + 77. Calculate i(u).
-22
Let g(l) = -4 + l + 10 - 6 + 14. Let v be g(-11). Let c(s) = 5*s - 2. Let m(n) = -11*n + 3. Let k(x) = 5*c(x) + 2*m(x). Calculate k(v).
5
Let d(c) = c**3 - 3*c**2 - 5*c + 3. Let q be 60/(-105) + (-96)/(-21). What is d(q)?
-1
Let l(b) be the second derivative of 1/2*b**4 + 0 + b**3 - 10*b + 1/20*b**5 - 3*b**2. Let j(w) = w**3 - 5*w**2 - 6*w - 5. Let m be j(6). Give l(m).
-11
Suppose 3*n = -0*a + 3*a + 9, -4*n + 6 = 2*a. Suppose -1 = n*o - 5. Let i(d) = 4*d**3 + 4 + 3*d - d**o - 2*d - 5*d**3. What is i(0)?
4
Let y(u) = u**3 + 5*u - 6. Let w be y(3). Suppose c = 37 - w. Let s(r) = -10*r + 1. What is s(c)?
-9
Let k(q) be the second derivative of -9*q**4/4 - 16*q - 18. Give k(1).
-27
Let v be (-1 - -7) + -1 + 1. Suppose -t = -v + 2. Let n(u) be the third derivative of -5*u**4/24 + u**3 - 4*u**2. Calculate n(t).
-14
Let k(b) be the first derivative of -b**4/4 + 4*b**3 - 19*b**2/2 - 12*b + 177. Calculate k(10).
-2
Let g(t) = 3*t - 16. Let v(a) = a - 5. Suppose 0 = 4*b + 2*b + 24. Let w(n) = b*g(n) + 11*v(n). Determine w(8).
1
Let f(n) = -n**3 - 10*n**2 - 14*n + 20. Let s be f(-8). Let w(c) be the first derivative of -c**3/3 + 5*c**2/2 - 2*c - 4. What is w(s)?
2
Let o(s) be the second derivative of s**4/24 + 11*s**3/6 - 3*s**2/2 + 11*s. Let q(y) be the first derivative of o(y). Calculate q(-5).
6
Suppose 0 = -4*o - 4, -w + o = 4*w - 26. Let v(q) = 2*q**2 - 11*q + 3. Determine v(w).
-2
Let s(f) be the first derivative of -4*f**3/3 - 3*f**2/2 - 400. What is s(-3)?
-27
Let j(p) = 3*p**3 + 3*p**2 + p + 2. Let x(f) = -f**2 + 9*f - 6. Let m(k) = 9*k**2 - k + 1. Let r be m(1). Let z be x(r). Let b be 8/(-6) - z/(-9). What is j(b)?
-12
Let a(d) = -5 + 7 - 8*d - 6*d**2 + d**3 + 8. Let p be ((4/(-14))/((-33)/539))/((-4)/(-6)). Determine a(p).
3
Let d(o) = -o**3 + 3*o**2 + 2*o + 5. Let s(q) = -q - 6. Let h be s(-13). Suppose 2*l - h*l + 20 = 0. Give d(l).
-3
Suppose -394*h = -411*h. Let z(n) = n**2 + n - 15. What is z(h)?
-15
Let t(a) be the first derivative of 4*a + 3 + 1 + 27*a**2 - 2*a - 26*a**2. Let v(w) = -w**2 - 5*w - 5. Let z be v(-5). What is t(z)?
-8
Let r be 1/(-9 + (2 - -6)). Let l(a) = -3*a**2 + 3*a + 2. Calculate l(r).
-4
Let t(m) = 5*m**3 + 3*m**2 + 6*m - 8. Let c(a) = 4*a**3 + 2*a**2 + 5*a - 7. Let j be -1 + (-4 + 0 - 0). Let v(i) = j*t(i) + 6*c(i). What is v(-2)?
-6
Let t(d) = -d - 6. Let s(r) = -3*r - 9. Let l be s(-3). Suppose l = -2*u + u - 6. What is t(u)?
0
Let w = -19 - -28. Suppose -2*t + 4*t - 9 = q, w = 3*q. Let d(x) = 0*x**2 + t - 5*x - 5*x + 5*x + x**2. What is d(4)?
2
Let a(x) = x**2 + 3*x. Let l(r) = -2*r**2 - 7*r - 1. Let b(c) = 5*a(c) + 2*l(c). Determine b(3).
10
Let x(h) = -h**2 + h - 12. Let m be -5*5*10/25. Let s be m/(-15) + (-25)/(-3). Suppose -2*a = -s*a. Determine x(a).
-12
Suppose 5*r + 8*x - 45 = 3*x, -2*x + 33 = 5*r. Suppose -2*m = -r*i - 20, i - 9 = 5*i - 3*m. Let t be i/(-9) - 20/3. Let s(j) = j + 3. Give s(t).
-3
Let z(w) = -3*w - 2. Suppose 4*k - 15 = -k. Suppose -k*r = -17 + 8. Determine z(r).
-11
Let i(f) = -f + 4. Let t(p) = 1. Let n(r) = i(r) + t(r). Let l(q) = -2*q**2 - 16*q + 10. Let a be l(-7). Let h be 2/9 - a/108. What is n(h)?
5
Let d(g) = -67*g + 134*g - 65*g - 1. What is d(-2)?
-5
Suppose -f - 4*f = 4*y - 32, -y = 3*f - 15. Let r(c) = 4*c - 1 - c**3 + 0*c**3 - 3 + 0*c**3 + y*c**2. Determine r(4).
-4
Suppose -113*b + 3 = -112*b. Let i(r) be the first derivative of 1/3*r**b - r + 0*r**2 + 1. What is i(2)?
3
Let j(c) be the third derivative of -c**6/120 - c**4/24 + c**3/2 + 6*c**2 + 20*c. Suppose 2*s = -s. What is j(s)?
3
Let q(r) be the third derivative of r**6/120 - r**5/10 + r**4/8 + r**3/3 + 23*r**2. Suppose 0 = 5*d + 4*j - 18, 1 = 3*d + 4*j - 5. Determine q(d).
20
Let l(i) be the first derivative of i**2/2 - 10*i + 1. Suppose 2*p = -c + 14, -2*p + 3*p = 2*c - 8. Calculate l(c).
-4
Suppose 3*j + j - 3*a + 29 = 0, -2*j + a - 15 = 0. Let f be ((-5)/10 - -2)/((-6)/j). Let n(r) = 12*r + 2. Calculate n(f).
26
Suppose -o - 3*w = 11, -5*o - 3*w = 6 + 1. Let v(h) = 8 - 3 - 6 + h + 0*h. What is v(o)?
0
Suppose -4*l = -2*l - 4*u, -2*l + u = -3. Let n(j) = 3*j + 4*j**2 - 6 - 8 - 3*j**l + 16. Calculate n(-4).
6
Let p(d) = -d**3 - 4*d**2 + 5*d - 2. Let g(h) be the first derivative of -1/4*h**4 - 4 - 5*h + 4*h**3 + 13/2*h**2. Let w be g(13). Determine p(w).
-2
Let m(c) = c**3 + 4*